+ -1)?
5
Calculate the remainder when 1/4 + (-129116)/(-208) + -28 is divided by 183.
44
Let g = -213 + 226. Suppose 0 = -4*s - 20, 0 = u - 4*s - g - 15. What is the remainder when 33 is divided by u?
1
Let x = -63 - -139. Suppose 0 = -7*m + 9*m - 14. What is the remainder when x is divided by m?
6
Let w(z) = -z**3 - 20*z**2 + 21*z - 3. Let a be w(-21). Calculate the remainder when 283 is divided by (a - -23)*(3 + 6/10).
67
Suppose 0 = -2*k + 8 + 6. Calculate the remainder when ((-2)/(-4))/((-13)/((-27300)/k)) is divided by 19.
17
Let u(r) = 2*r**2 + 4*r + 1. Let z = -19 - -17. Suppose -4*n + 11*n = 21. Calculate the remainder when n is divided by u(z).
0
Let j be (5/2)/(2/4). Suppose j*d - 11 = -1. Suppose -d*q = -q - 36. What is the remainder when q is divided by 19?
17
Suppose -52 = -2*k - 0*v - 4*v, 0 = 5*v - 10. Let q = k - 12. Let w = -373 + 400. What is the remainder when w is divided by q?
7
Let r(m) = 2*m**3 + 16*m**2 + m + 10. Let s be r(-8). Let w(h) = 5*h - 6 + 5 + 10*h**s - 7*h**2. What is the remainder when w(5) is divided by 26?
21
Suppose -1 = 32*n - 452 - 509. What is the remainder when 1437 is divided by n?
27
Let p be ((-1)/3)/((-2)/(-78)*-1). Suppose -9*h - 822 = -p*h + 5*u, -2*u = -4. What is the remainder when h is divided by 14?
12
Calculate the remainder when 408 is divided by 20/7*(-61 + 68).
8
Suppose -2*w - 3 = -13. Suppose 4*s = -0*m - w*m + 147, 3*m = -s + 28. What is the remainder when s is divided by 15?
13
What is the remainder when 14*((-630)/8 - -6)/(3/(-2)) is divided by 62?
59
Calculate the remainder when 1355 is divided by ((-190)/(-45) - 4) + (-2208)/(-54)*11.
5
Suppose 0 = -43*v + 47*v + 608. Let x = 168 + v. Suppose -f + 5*f = 184. Calculate the remainder when f is divided by x.
14
Let v = -3876 - -3895. Calculate the remainder when 800 is divided by v.
2
Suppose -1307 + 93 = -3*t + 2*s, 0 = 5*s - 10. What is the remainder when t is divided by 169?
68
Let k(u) = 229*u + 362. What is the remainder when k(2) is divided by 74?
6
Let u be ((-75)/(-10))/(2/12). Suppose 0*b = -b + u. Let m = b - 33. What is the remainder when m is divided by 7?
5
Let k(j) = -17*j + 82. What is the remainder when 44 is divided by k(4)?
2
Let z(w) = -w**2 + 41*w - 122. What is the remainder when 316 is divided by z(29)?
90
Let h(z) be the first derivative of z**4/4 + 2*z**3 + 3*z**2/2 - 7*z + 2. Let y = 15572 - 15569. Calculate the remainder when h(-5) is divided by y.
0
Let r = -2478 - -2726. What is the remainder when r is divided by 118?
12
Let i = 202 - 498. Let y = 337 + i. Calculate the remainder when 408 is divided by y.
39
Let l = 32929 - 26980. Calculate the remainder when l is divided by 24.
21
Suppose -34 = -2*f - 26. Calculate the remainder when 422/f + (-11)/2 + 5 is divided by 47.
11
Let r be (-5)/30 - 59/6. Let m(i) be the second derivative of -i**4/12 - 7*i**3/3 - 6*i**2 - 43*i - 2. What is the remainder when 82 is divided by m(r)?
26
Let h(d) = 0*d + 0*d - 2 + 11*d + 23 - 6. Suppose -3*y = -17 - 10. Calculate the remainder when h(y) is divided by 23.
22
Let p(b) = -3*b**3 + 35*b**2 + 16*b - 29. Calculate the remainder when 451 is divided by p(12).
14
Let k(z) = 14*z**2 + 4*z + 2. Let c = 8 - 10. Let h = -82 + 95. Calculate the remainder when k(c) is divided by h.
11
Let l = 18426 + -17857. What is the remainder when 1184 is divided by l?
46
Let j(b) = 4*b**2 - 5*b + 21. Let l(p) = p - 23. Let u be l(26). Calculate the remainder when j(u) is divided by 16.
10
Suppose 3*i - 17 = -5. Suppose i*f = 1799 + 25381. What is the remainder when f/30*(-4)/(-6) is divided by 51?
49
What is the remainder when 155 is divided by 18012/711 - (4/(-6) + 1)?
5
Suppose 613*p - 20 = 611*p. Suppose 0 = 2*s - p, -5*k + 16*s = 12*s - 1440. What is the remainder when k is divided by 74?
70
Suppose -4994 = -110*h - 117*h. Suppose -3*z = -14 - 31. What is the remainder when h is divided by z?
7
Suppose -2948 = -4*v - 4*w, -130 = -4*v - 3*w + 2824. What is the remainder when v is divided by 232?
47
Suppose 110 = 60*c - 1690. Let q = -8 + 153. Calculate the remainder when q is divided by c.
25
Suppose -19 = -3*q + 2*y, 6*q + 13 = 2*q - 5*y. Suppose -4*b + 4*i = -24, -23 - q = -b - 3*i. What is the remainder when -5 + 18/6 + -2 - -34 is divided by b?
8
Let d = 452 + -393. Suppose -107 = -w + i, 4*i = -4*w + 68 + 376. Calculate the remainder when w is divided by d.
50
Suppose 54 + 33 = 3*o. Let s = 15 - -6. What is the remainder when o is divided by (-8)/2 + s + -2?
14
Suppose 5*u + 158 + 104 = 2*g, -u + 601 = 5*g. Let n = -2 + -34. Let x = n + 67. What is the remainder when g is divided by x?
28
Suppose 13*t = 35 + 17. Suppose -u + o + 17 = -t, -4*u + 83 = -3*o. Calculate the remainder when u is divided by 7.
6
Calculate the remainder when (-197262)/(-1967) - (-4)/(-14) is divided by 38.
24
Let m be -3*(14/(-3))/1. Suppose -m = -s - 8. Suppose 15*z - 297 = 4*z. What is the remainder when z is divided by s?
3
Let a(b) = 5*b + 3. Let n be a(-1). Let m be 1 + 4/n - 0. Calculate the remainder when (m - 8/(-12))*-153 is divided by 14.
9
Let a(o) = -o**3 - 33*o**2 + 14*o - 538. Calculate the remainder when 650 is divided by a(-34).
82
Let o(d) = -5*d - 4. Let s = -61711 - -61717. What is the remainder when o(-4) is divided by s?
4
Suppose 107*t = -105*t + 52114 + 3006. What is the remainder when 1257 is divided by t?
217
Suppose 15*g + 623 = -427. Let t(m) = 12*m**2 - 3*m. What is the remainder when t(3) is divided by 5/g + (-3159)/(-126)?
24
Let y = -14412 - -14727. What is the remainder when y is divided by 12?
3
Suppose -16*q - 301 = -17*q + 4*u, 4*u = -3*q + 871. What is the remainder when q is divided by 94?
11
Suppose -5*i = 4*x - 54, 4*i + 72 = -0*x + 4*x. Let f(g) = g**3 + 13*g**2 + 20*g - 20. What is the remainder when f(-9) is divided by x?
12
Let b(q) = q + 22. Suppose 5*z - 21*z = 1888. Let f = z - -132. Calculate the remainder when b(0) is divided by f.
8
Suppose -4747*l + 8636 = -4730*l. What is the remainder when 509 is divided by l?
1
Let r(o) = 2*o + 10. Let h be r(-4). Suppose -5*w + 1092 = -4*z, h*z - 124 = -5*w - 700. What is the remainder when ((-25)/10 - -2)*z is divided by 28?
27
Let q(w) = -71*w + 60. Let p be q(-3). Suppose 0 = 2*l + 169 - p. Calculate the remainder when 169 is divided by l.
13
Suppose 3*g - 81 = -3*b + 6*b, g - 33 = 3*b. Suppose 0 = z + 3*t - g, t = 5*z - t - 154. Suppose 0 = 2*v - z. Calculate the remainder when 73 is divided by v.
13
Suppose -8*f + 1412 = -476. Let a = -182 + f. Suppose 4*z + j = 66 + 19, 0 = z - 4*j. Calculate the remainder when a is divided by z.
14
Suppose 0 = f + f + 2*x - 94, -4*x = -3*f + 120. Suppose 333 = 15*t + 48. Calculate the remainder when f is divided by t.
6
Suppose 5 = 3*r - o, 0*r = -4*r + o + 7. What is the remainder when (-2)/r + (7 - (12 + -130)) is divided by 5?
4
Let y(q) = -2*q**2 - 8*q + 1. Let m be y(-5). Let b = 57 + -16. What is the remainder when b is divided by (-1)/3*m + 20?
18
Let f(i) = i**3 + 7*i**2 + 5*i + 2. Let b be f(-7). Let n = b + 29. Let a = n - -15. What is the remainder when 21 is divided by a?
10
Let q(z) = 25*z**2 - 245*z - 20. What is the remainder when q(11) is divided by 275?
35
Let c(j) = j**2 + 7*j + 4. Let h be c(-6). Let p = 15 - h. What is the remainder when p is divided by 21/(-28)*(-6 - -2)*1?
2
Let k = -111 - -113. Let a(s) be the third derivative of 49*s**4/24 - s**3/6 - 10*s**2. Calculate the remainder when a(k) is divided by 33.
31
Let p(b) = 117*b - 4571. What is the remainder when p(41) is divided by (138/12)/((-1)/(-4))?
42
Suppose 0 = -2*g + 32 + 326. Suppose 863 = 107*f - 5607 - 2660 - 607. What is the remainder when g is divided by f?
88
Suppose 3*j = -3*h - h + 171, 0 = -h - 4*j + 46. Suppose p = -n + 2*n - 155, -5*p + 25 = 0. What is the remainder when n is divided by h?
34
Calculate the remainder when (-20827092)/(-6204) - 2/47 is divided by 153.
144
Suppose -42*q = 11 - 935. What is the remainder when 2042 is divided by q?
18
Let f = 18911 + -7226. What is the remainder when f is divided by 31?
29
Let g(t) = -t**2 - 46*t - 148. Let x be g(-32). Suppose 5*v + 5*w = x, -5*w + 8 = 4*v - 234. Calculate the remainder when v is divided by 6.
4
Suppose 3*i = -32*i + 8190. Suppose 35*l = 26*l + i. Calculate the remainder 